136 = 3*r + 396, r + 4*y = 565. What is the hundreds digit of r?
5
Let q be (4 - 0)*(-2 + 3). What is the units digit of ((-9)/(-2))/(2/q)?
9
Suppose 0 = -2*r - 172 + 1334. What is the hundreds digit of r?
5
Suppose 6*v = 5*v + 644. What is the units digit of v?
4
Let r(f) = -f**2 - 7*f - 6. Let c be r(-5). Suppose -5*y = -0*y + 25, 3*k - c*y = 35. Suppose k*b + 10 = a - 3*a, -4*b - 16 = 0. What is the units digit of a?
5
Let p = 183 + 857. What is the units digit of p?
0
Let t = -48 - -397. What is the units digit of t?
9
Suppose j - 5*u = 2*j - 7, 4*u - 17 = 3*j. What is the units digit of (5 - 0)/((-1)/j)?
5
Let z = -260 - -445. Suppose -5*x - 901 = -4*j, -2*j + z = -5*x - 268. What is the units digit of j?
4
Suppose 3 - 9 = -2*c. Suppose 1 - 100 = -c*f. What is the tens digit of f?
3
Let l be -1*(-4)/(12/15). Suppose 4*i = l*o + 203, -4*o - 151 = i - 4*i. What is the units digit of i?
7
Suppose 5*h + 3*y = -775, -14 = 3*h - 5*y + 451. Let d = -70 - h. What is the units digit of d?
5
Let z(v) = v - 4. Let m be z(1). What is the tens digit of (-169)/m + (-4)/(-6)?
5
Suppose -3*s - 3*d + d = -2, 16 = 3*s - 5*d. Suppose -i + 341 + 90 = 3*v, 4*i + 278 = s*v. What is the tens digit of v?
4
Let p(f) = f**3 - 3*f**2 - 3*f - 1. Let s be p(4). Let i be 70/21*((-87)/(-5) + 3). Suppose s*k + i = 5*k. What is the tens digit of k?
3
Let c = 166 + 92. What is the hundreds digit of c?
2
Let x(s) = 8*s**2 - 6*s + 178. What is the tens digit of x(18)?
6
Suppose -25 = -3*r - 37, x = 4*r + 345. What is the units digit of x?
9
Suppose 3 + 9 = 4*o. Let u be o - (87 - (-4 + 7)). Let w = -31 - u. What is the tens digit of w?
5
Let i(l) = l**2 + 8*l - 5. Let k be i(-9). Suppose -9*s + 15 = -k*s. Suppose -s*f + f = -82. What is the tens digit of f?
4
Let i = 0 - -1. Let a(t) = 6*t - 2. Let q be a(i). Suppose -q*b + 5*d + 78 = 0, 3*b + 4*d - 96 = -b. What is the units digit of b?
2
Let c = -3965 + 7186. What is the thousands digit of c?
3
Let h = -806 + 1302. What is the units digit of h?
6
Suppose -c - 3*c - z + 15 = 0, 0 = -4*c - 2*z + 18. Suppose -c*k - 3*g = 201, 5*k = -4*g - 112 - 227. Let y = k + 106. What is the tens digit of y?
3
Let f = -238 + 484. What is the units digit of f?
6
Suppose 0 = 15*z - 9*z - 12. What is the units digit of (186/(-15))/(z/(-20)*2)?
2
Suppose -6 - 3 = -3*q. Let x = 23 - 18. Suppose 5*r + 2*n = 25, 3*n = -q*r + 1 + x. What is the units digit of r?
7
Suppose -526 = -4*o + 398. Let r = o - 133. What is the tens digit of r?
9
Let h be 9/(1 + (-2)/1). Let o(n) = -4*n**3 + 4*n**2 + 2*n - 13. Let g(q) = q**3 + q**2 - q. Let v(z) = 5*g(z) + o(z). What is the units digit of v(h)?
4
Let n(s) = s**3 - 8*s**2 + 6*s - 2. Let a be n(7). Let f = a - -10. Suppose 3*u - f = 17. What is the units digit of u?
6
Let c(g) = g**2 + 58 - 2*g - 2*g**2 + 6*g - 5*g. What is the tens digit of c(0)?
5
Let y be 1 - (1 - (-1 - -4)). Let p(m) = 10*m + m + 2*m + 7 - 3. What is the tens digit of p(y)?
4
Suppose 27*k + 5262 - 56373 = 0. What is the tens digit of k?
9
Suppose -7195 = -8*z + 3*z + 5*s, -2*z - 2*s = -2870. What is the thousands digit of z?
1
Let o be 6/((-30)/(-425)) + 0. Let d = 135 - o. What is the units digit of d?
0
Let d(k) = -8*k**2 - 2*k - 4. Let c be d(3). Let a = c + 328. What is the units digit of a?
6
Let i(k) = -2*k**2 - k + 57. Let v be i(0). Suppose 3*c - 5*z + v = 5*c, 3*c + 3*z = 108. Suppose -c = -g + 3. What is the tens digit of g?
4
Let h = 1739 + 2711. What is the hundreds digit of h?
4
Let l(x) = -6*x - 5. Let r be l(3). Let h = 27 + r. What is the units digit of h?
4
Suppose 1 = -4*o + 37. Let m be 27/(-6)*6/o. What is the units digit of m/2 - 220/(-8)?
6
Suppose -x + 4*x = 0. Let a be x/(-4*(-6)/8). Suppose a = -u - 5*m - 14, m - 4*m - 6 = 3*u. What is the units digit of u?
1
Suppose -1494 = -16*k - 150. Let q = k + 24. What is the units digit of q?
8
Suppose 4 + 6 = 2*k. Suppose -5*n + k*x = -125, 3*x = 2*n - 0*n - 53. Let l = 65 - n. What is the tens digit of l?
4
Let i be (-12)/8*(287/(-3) - -3). Let d = i - 97. What is the tens digit of d?
4
Let s(y) = -29*y + 27. What is the hundreds digit of s(-12)?
3
Let s be 2/(-4) - 11/(-2). Suppose 216 = 2*r - 0*r - 5*z, -4*r + 462 = s*z. Suppose -5*v = -r + 18. What is the tens digit of v?
1
Let f be (-4)/(-6) + (-509)/3 + 4. Let d = 7 - f. What is the tens digit of d?
7
Let f(y) = 6*y**2 + 30*y - 17. What is the hundreds digit of f(-17)?
2
What is the units digit of -7 - (-234 + -2 - -1)?
8
Let a be 14/3 + 7/21. Suppose a*g + 223 = 898. Suppose -9*o - g = -14*o. What is the tens digit of o?
2
Suppose h = 3*l - 49, -h = 2*l - 59 + 18. What is the units digit of l?
8
Suppose -q = 2*q - 48. Suppose 7 = -3*a + q. Suppose 5*n + 5*b = 135, -2*n - a*n = -b - 141. What is the units digit of n?
8
Suppose -x - 6 = 14. Let h be 2/(1/(17 + -2)). Let l = h + x. What is the units digit of l?
0
Let h(a) = -a**2 - 1. Let r(s) = -6*s**2 - 11*s - 7. Let v(p) = -5*h(p) + r(p). Suppose -n = 4*n + 40. What is the units digit of v(n)?
2
What is the units digit of 13/(26/588) - 4/4?
3
Let i(q) be the third derivative of -q**6/120 + 4*q**5/15 + 25*q**4/24 - 5*q**3/2 + 12*q**2. What is the hundreds digit of i(17)?
1
Let q(y) = -4*y**2 - 103*y + 116*y + 3*y**2 + 3. What is the units digit of q(8)?
3
Let t = -10 - -12. Let j(s) = s + 1. Let w be j(t). Let l(m) = 2*m**2 + m + 2. What is the tens digit of l(w)?
2
Let h(n) = 37*n**3 - n**2 - n - 1. Let v be h(-1). Suppose -83*g + 255 = -86*g. Let l = v - g. What is the units digit of l?
7
Let c = 6636 - 3264. What is the units digit of c?
2
Suppose -68 + 762 = w. What is the tens digit of w?
9
Let t be (-10)/4*136/(-20). Suppose 84 = f - t. What is the hundreds digit of f?
1
Let c = -190 - -185. Let l(a) = -5 - 3*a + a**2 + 4 - 7. What is the units digit of l(c)?
2
What is the units digit of ((-340664)/(-582))/(1 + (-8)/9)?
8
Suppose -2*y + 3*y = 0. Suppose y = 3*a + a - 848. Suppose 4*v = -s + 169, 4*v + s = -v + a. What is the units digit of v?
3
Suppose 0 = 4*z + 272 + 52. What is the units digit of (z + 3 - 4)*(0 + -1)?
2
Let z(w) = w**3 - w**2 + 9*w - 6. Suppose -3*q - 3*q = -30. What is the units digit of z(q)?
9
What is the units digit of (-7911)/(-12) - 54/(-72)?
0
Let t = -894 - -1295. What is the units digit of t?
1
Let a(f) = 1210*f**2 - 40*f - 1. What is the units digit of a(-1)?
9
Let d(l) = l**3 + 20*l**2 + 2*l + 36. Let m be d(-20). What is the hundreds digit of 333 + 0 + (-16)/m?
3
Suppose -3*s + 7*s - 8 = 0. Suppose 3*a - 4*q = 21, -4*a + 0*q = -s*q - 28. What is the units digit of (-2)/a - (-568)/28?
0
Suppose -615 = 6*l - 2337. What is the tens digit of l?
8
Let f(c) = c**3 - 2*c + 192. Let u be f(0). Suppose p + 2*p + z - 192 = 0, 3*p + 4*z = u. What is the units digit of p?
4
Let o(z) be the second derivative of z**7/2520 - z**6/720 + z**5/12 + z**4/3 - z. Let h(q) be the third derivative of o(q). What is the units digit of h(0)?
0
Suppose -4*a - 4*l = -32, -35 = -5*a + 3*l - 7*l. Suppose -a*x + 17 = 2. What is the units digit of x?
5
Suppose 0 = 41*o - 39*o + 5*q - 8887, 0 = -4*q - 12. What is the thousands digit of o?
4
Suppose -3*t + 3 = 0, 6*t - 5*t - 7176 = -5*q. What is the thousands digit of q?
1
Suppose -397*o = -385*o - 23364. What is the thousands digit of o?
1
Let d be (2/(-3))/(1/6). Let j be 2/d - 9/2. What is the units digit of -1 - j - (-25 - -1)?
8
Let n(k) = 3*k**2 + 3*k - 2. Let x be n(2). Let m = x + -14. Suppose -60 = -m*c + 2*i, 0 = -c + 5*c + 3*i - 134. What is the tens digit of c?
3
Let y be 3 + 26/(-3 + 1). Let k = 13 + y. Suppose -2*j - k*q + 49 - 13 = 0, -2*q = -4*j + 104. What is the units digit of j?
4
Suppose -3 = 5*d - 23. Suppose 2*z + 3*u - 4 = 4*z, -d*u = -2*z - 6. Let i = 34 + z. What is the tens digit of i?
3
Suppose -12*n = 25*n - 16058. What is the units digit of n?
4
Suppose 3188 = 4*v + 2*r, 13*v - 1578 = 11*v + 3*r. What is the hundreds digit of v?
7
Suppose -242 = -3*g - 2*c - 0*c, 2*g = 4*c + 140. Let f = g + -48. What is the tens digit of f?
3
Let h(a) = 10*a - 4. Let l(p) be the second derivative of 25*p**3/3 - 21*p**2/2 + 2*p. Let d(u) = 11*h(u) - 2*l(u). What is the units digit of d(4)?
8
Let i = 38 + 110. What is the units digit of i?
8
Let k(f) = -111*f - 17. What is the hundreds digit of 